the greatest common divisor of 3 and b.
1
Suppose 5*o - 24 - 1 = 0. Suppose 0 = -3*f + 19 + o. What is the highest common divisor of 1 and f?
1
Suppose -5*x + x = 3*d - 27, 0 = -3*x + d + 4. Let n be 5*x*4/15. Suppose z + n*z = 80. What is the highest common factor of z and 24?
8
Let b(s) be the third derivative of -s**6/60 + s**5/60 - s**4/24 - s**3/3 - s**2. Let q be b(-2). What is the highest common factor of 10 and q?
10
Suppose 2*w - 32 = -2. Let k be (3/6)/(2/148). Let r = k + -7. What is the highest common factor of w and r?
15
Let h be 3 - -111 - (-2 + -1). Calculate the greatest common factor of 9 and h.
9
Suppose -4*w = -9*w + 350. Let u = 42 + -14. What is the highest common factor of u and w?
14
Let s = 101 + -96. Calculate the greatest common divisor of s and 10.
5
Let l be (-5 + 3)*(-6 - (5 + -2)). Calculate the greatest common factor of l and 72.
18
Let l(u) = -u - 2. Suppose 2*m + 2 + 4 = 0. Let d = m - 3. Let i be l(d). Calculate the highest common factor of 1 and i.
1
Let h be (-15)/(-18) - 1 - (-230)/12. Calculate the highest common factor of h and 114.
19
Let d(b) = -19*b + 3. Let p be d(-7). Calculate the greatest common divisor of 17 and p.
17
Suppose 0 = -4*a - h + 13 + 2, -a - 4*h - 15 = 0. Let l(f) = 2*f**3 - 7*f**2 - f + 5. Let q be l(a). Calculate the highest common factor of q and 15.
15
Let l(j) = -j**3 + 9*j**2 + 11*j + 10. Let x be l(10). Calculate the greatest common factor of 100 and x.
20
Let q = 29 + -17. Calculate the greatest common divisor of q and 3.
3
Suppose z - 231 = -10*z. What is the highest common divisor of 168 and z?
21
Let w(u) = -14*u + 10. Let d(l) = l - 1. Let s(h) = 10*d(h) + w(h). Let y be s(-6). What is the greatest common factor of y and 168?
24
Suppose 5*k = -10, 0 = 2*d - 4*k - 4. Let w be 29 + (6/(-2) - d). Calculate the highest common divisor of w and 7.
7
Suppose -19*j = -23*j + 672. Calculate the greatest common factor of 24 and j.
24
Suppose 0 = -2*k + 5*t + 19, -3 + 0 = 3*k + 3*t. Suppose 0*a - 5*a = -80. Calculate the highest common divisor of a and k.
2
Let u be (-2)/1 - (1 + -57). Calculate the highest common divisor of 162 and u.
54
Suppose -5*r = -2*u + 20, -13 = -2*r + 2*u + 3*u. Let x be 9*r*2/(-6). Calculate the greatest common factor of x and 45.
9
Let w(z) = -z - 9. Let p be w(-13). What is the highest common divisor of p and 4?
4
Let n(c) = 3*c - c - 3*c. Let r be n(-2). Let d be (-255)/(-9) - r/6. Calculate the greatest common factor of 70 and d.
14
Suppose 0 = -11*j - 298 + 1090. Calculate the highest common divisor of 24 and j.
24
Let k = -4 - -20. Let u(n) = -n**2 - 2*n - 1. Let y be u(-2). Let f(z) = -3*z - 1. Let c be f(y). Calculate the greatest common divisor of k and c.
2
Let h be -1*34*16/(-32). What is the greatest common divisor of h and 17?
17
Let b = -8 + 10. Suppose 0 = -u + b + 10. Suppose -a + 5*a = 144. What is the greatest common factor of u and a?
12
Let o = 151 + -86. Suppose 5*k = 3*x + 390, -2*x + 112 = -4*k + 424. Suppose r + 2*r - k = 0. What is the highest common factor of o and r?
13
Let l be (-2)/((-8)/252) - -1. What is the highest common factor of 16 and l?
16
Suppose 932 = 5*v + 212. Let i(x) be the first derivative of 9*x**4/2 - x**3/3 + x**2 - x + 5. Let c be i(1). What is the greatest common divisor of v and c?
18
Let b(z) = 3*z - 4. Let p be b(4). Calculate the highest common divisor of p and 20.
4
Let r be 215/25 + (-2)/(-5). What is the highest common divisor of r and 1?
1
Let f(z) = z**3 + 7*z**2 - 2*z - 1. Let d be f(-7). Let p = 111 - -6. Calculate the greatest common factor of p and d.
13
Let x(f) = -f**3 + 8*f**2 + f + 2. Let m be x(8). Suppose 4*d + 4*n = 20, d - 4*n = -0*n - m. Let l = d + 4. What is the greatest common divisor of l and 30?
6
Let s be 66 + (-2 - (-10)/5). Calculate the highest common factor of 6 and s.
6
Let u = -264 - -843. Suppose 6*y - 3*y + u = 4*f, -3*f + 3*y = -435. What is the greatest common divisor of f and 16?
16
Suppose -3*y + 16 = -v - 0*v, v - 5*y = -26. Let b be (18/(-4))/(v/8). Let k = b - 18. What is the highest common divisor of 18 and k?
18
Let c be (-2 + 17)/((-15)/(-10)). What is the greatest common factor of c and 110?
10
Let n be (38/(-5))/((-1)/5). Let b = n + 10. What is the greatest common factor of 12 and b?
12
Let b(o) = o**3 + 2*o**2 - 2*o + 5. Let c be b(0). What is the highest common factor of 30 and c?
5
Let b(m) = -4*m - m + 3*m + 6 + 0*m. Let c be b(-5). What is the greatest common divisor of 128 and c?
16
Let b(i) = 2*i - 4. Let a be b(2). Suppose -3*g = -3*y - 247 + 886, -4*y + 5*g + 857 = a. Calculate the greatest common divisor of 26 and y.
26
Suppose n - 9*d + 7*d - 72 = 0, 4*d + 78 = n. What is the greatest common divisor of n and 44?
22
Let z be (2 + 9)/(2 + 5/(-3)). Calculate the greatest common factor of 66 and z.
33
Suppose 4*y = 3*y + 16. Calculate the highest common factor of y and 48.
16
Let i be (-5 - -7)/(0 + 1). Let p(y) = -y + 3. Let j be p(-8). Let g = j + -6. Calculate the greatest common divisor of g and i.
1
Suppose -5*s + 1 + 24 = 0, -3*b + 3*s - 3 = 0. Let a be 80 + 3 + (b - 3). Let p be (5 + -1)*(1 - -2). Calculate the highest common factor of p and a.
12
Let v = -220 - -356. Calculate the highest common divisor of 17 and v.
17
Let y be (-18)/((-4)/((-64)/(-12))). Calculate the highest common divisor of y and 168.
24
Let m(v) = -v**2 + 12*v + 15. Let t be m(10). Calculate the greatest common factor of t and 70.
35
Let a = -91 - -203. Calculate the highest common factor of 16 and a.
16
Let s(o) = -10*o - 10. Let v be s(-7). Calculate the greatest common divisor of v and 45.
15
Let a(m) = 2*m**2 - 35*m + 40. Let c be a(18). Calculate the highest common factor of 29 and c.
29
Let s(g) = g + 12 + g**3 + 5*g**2 + 6*g**2 - g**2. Let y be s(-10). Calculate the greatest common factor of 3 and y.
1
Suppose j + 0*j = -42. Let f = 119 + j. What is the greatest common divisor of 7 and f?
7
Let l(i) = -i**3 - 5*i**2 + i + 12. Let n be l(-5). What is the greatest common divisor of 35 and n?
7
Let i be (-84)/(-9)*(9 - 6). Let y = -129 + 199. Calculate the highest common factor of i and y.
14
Suppose -82 = 5*w + d, -4*w + 2*d - 12 = -3*w. Let g = -11 - w. What is the highest common divisor of 35 and g?
5
Let s(r) = -17*r - 1. Let t be (7/(-28))/(1/4). Let a be s(t). What is the highest common factor of 80 and a?
16
Let z(a) = 6*a + 2. Let t be ((-4)/(-6))/((-2)/6). Let c be z(t). Let p = 18 + c. What is the highest common factor of p and 72?
8
Suppose 0 = -0*w + 4*w - 48. Calculate the greatest common divisor of w and 108.
12
Suppose -4*x + 10 = -26. Let h be (-128)/(-6) - 3/x. Calculate the greatest common factor of h and 231.
21
Suppose 15 = 2*d + 3*d. Suppose d*n + 6 - 384 = 0. Let h = -21 - -35. What is the greatest common factor of n and h?
14
Let z be 127 + -6 + 0/(-1). Let f be 505/45 - 2/9. What is the highest common divisor of f and z?
11
Suppose 0 = -5*m + 3*i + 69, -16 = -2*m + 4*i + 6. What is the highest common factor of m and 60?
15
Let d = 14 - 7. Calculate the highest common factor of 14 and d.
7
Let p = -48 - -83. What is the highest common factor of p and 7?
7
Suppose -2*h - 2 = b - 0*b, 4*b + h + 8 = 0. Let s = 2 + b. Suppose -2*z - z + 231 = s. Calculate the highest common factor of 7 and z.
7
Let x(m) = 24 + 0*m + 2*m - 5*m + 2*m. Let q be x(12). What is the highest common factor of 4 and q?
4
Suppose -3*i = -i - 28. What is the greatest common factor of i and 21?
7
Suppose 10*f - 5*f - 357 = k, 3*f - 4*k = 204. Calculate the highest common factor of 18 and f.
18
Let o = 18 - 17. Calculate the highest common divisor of o and 9.
1
Let b = -10 - -38. Calculate the greatest common divisor of b and 4.
4
Let z(a) = -4*a + 14. Let j be z(-10). What is the greatest common factor of j and 18?
18
Let v(i) = 24*i - 2. Let h be v(1). What is the highest common factor of 88 and h?
22
Let c(b) = b**2 - 1 - 4*b + 3 - 1 + 2*b**2. Let o be c(6). What is the greatest common factor of o and 17?
17
Suppose 4*a = -1 + 117. Suppose -4*j + 10 = -5*m + a, -5*j = m - 27. Let g(u) = -16*u - 3. Let l be g(-5). What is the greatest common factor of m and l?
7
Let j = -5 - -19. Let a be 12*(-1 - j/(-8)). Calculate the greatest common divisor of a and 72.
9
Suppose 0 = -a -